{"id":366,"date":"2023-12-25T00:30:27","date_gmt":"2023-12-25T00:30:27","guid":{"rendered":"https:\/\/stilvollwelt.com\/?page_id=366"},"modified":"2024-03-19T04:37:13","modified_gmt":"2024-03-19T08:37:13","slug":"home-2","status":"publish","type":"page","link":"https:\/\/stilvollwelt.com\/","title":{"rendered":"Home 2"},"content":{"rendered":"<p>[vc_row][vc_column]<div  class=\"jeg_slider_wrapper jeg_slider_type_3_wrapper jeg_col_2o3 jnews_module__0_69e8b47c93b2a  \">\n                    <div class=\"jeg_slider_type_3 jeg_slider\" data-items=\"3\" data-autoplay=\"\" data-delay=\"3000\">\n                        <div class=\"jeg_slide_item format-standard\">\n                    \n                    <a href=\"https:\/\/stilvollwelt.com\/?p=584\">\n                        <div class=\"thumbnail-container size-1400 \"><img loading=\"lazy\" decoding=\"async\" width=\"360\" height=\"504\" src=\"https:\/\/stilvollwelt.com\/wp-content\/themes\/jnews\/assets\/img\/jeg-empty.png\" class=\"attachment-jnews-360x504 size-jnews-360x504 owl-lazy lazyload\" alt=\"Die Top 10 Accessoires f\u00fcr einen eleganten Sommer-Look&#8221;\" data-src=\"https:\/\/stilvollwelt.com\/wp-content\/uploads\/2024\/02\/image-51-360x504.png\" \/><\/div>\n                    <\/a>\n                    <div class=\"jeg_slide_caption\">\n                        <div class=\"jeg_caption_container\">\n                            <div class=\"jeg_post_category\">\n                                <a href=\"https:\/\/stilvollwelt.com\/?cat=116\" class=\"category-accessoires\">Accessoires<\/a>\n                            <\/div>\n                            <h2 class=\"jeg_post_title\">\n                                <a href=\"https:\/\/stilvollwelt.com\/?p=584\">Die Top 10 Accessoires f\u00fcr einen eleganten Sommer-Look&#8221;<\/a>\n                            <\/h2>\n                            <p class=\"jeg_post_excerpt\"> Einleitung Warum Accessoires wichtig sind Accessoires sind das Sahneh\u00e4ubchen eines jeden Outfits und k\u00f6nnen einen einfachen Look sofort aufwerten. Besonders ... <\/p>\n                            <div class=\"jeg_post_meta\">\n\t\t\t\t\t\n                    <span class=\"jeg_meta_date\"><i class=\"fa fa-clock-o\"><\/i> 2024-02-27<\/span>\n                <\/div>\n                        <\/div>\n                    <\/div>\n                <\/div><div class=\"jeg_slide_item format-standard\">\n                    \n                    <a href=\"https:\/\/stilvollwelt.com\/?p=512\">\n                        <div class=\"thumbnail-container size-1400 \"><img loading=\"lazy\" decoding=\"async\" width=\"360\" height=\"504\" src=\"https:\/\/stilvollwelt.com\/wp-content\/themes\/jnews\/assets\/img\/jeg-empty.png\" class=\"attachment-jnews-360x504 size-jnews-360x504 owl-lazy lazyload\" alt=\"DIY-Accessoires: Kreative Ideen zum Selbermachen von Schmuck und anderen Accessoires\" data-src=\"https:\/\/stilvollwelt.com\/wp-content\/uploads\/2024\/02\/image-28-360x504.png\" \/><\/div>\n                    <\/a>\n                    <div class=\"jeg_slide_caption\">\n                        <div class=\"jeg_caption_container\">\n                            <div class=\"jeg_post_category\">\n                                <a href=\"https:\/\/stilvollwelt.com\/?cat=116\" class=\"category-accessoires\">Accessoires<\/a>\n                            <\/div>\n                            <h2 class=\"jeg_post_title\">\n                                <a href=\"https:\/\/stilvollwelt.com\/?p=512\">DIY-Accessoires: Kreative Ideen zum Selbermachen von Schmuck und anderen Accessoires<\/a>\n                            <\/h2>\n                            <p class=\"jeg_post_excerpt\"> 1. Einleitung: Die Faszination von DIY-Accessoires DIY-Accessoires haben in den letzten Jahren an Beliebtheit gewonnen, da sie die M\u00f6glichkeit bieten, ... <\/p>\n                            <div class=\"jeg_post_meta\">\n\t\t\t\t\t\n                    <span class=\"jeg_meta_date\"><i class=\"fa fa-clock-o\"><\/i> 2024-02-26<\/span>\n                <\/div>\n                        <\/div>\n                    <\/div>\n                <\/div><div class=\"jeg_slide_item format-standard\">\n                    \n                    <a href=\"https:\/\/stilvollwelt.com\/?p=509\">\n                        <div class=\"thumbnail-container size-1400 \"><img loading=\"lazy\" decoding=\"async\" width=\"360\" height=\"504\" src=\"https:\/\/stilvollwelt.com\/wp-content\/themes\/jnews\/assets\/img\/jeg-empty.png\" class=\"attachment-jnews-360x504 size-jnews-360x504 owl-lazy lazyload\" alt=\"Accessoires f\u00fcr M\u00e4nner: Wie auch M\u00e4nner ihre Outfits mit den richtigen Details aufwerten k\u00f6nnen\" data-src=\"https:\/\/stilvollwelt.com\/wp-content\/uploads\/2024\/02\/image-27-360x504.png\" \/><\/div>\n                    <\/a>\n                    <div class=\"jeg_slide_caption\">\n                        <div class=\"jeg_caption_container\">\n                            <div class=\"jeg_post_category\">\n                                <a href=\"https:\/\/stilvollwelt.com\/?cat=116\" class=\"category-accessoires\">Accessoires<\/a>\n                            <\/div>\n                            <h2 class=\"jeg_post_title\">\n                                <a href=\"https:\/\/stilvollwelt.com\/?p=509\">Accessoires f\u00fcr M\u00e4nner: Wie auch M\u00e4nner ihre Outfits mit den richtigen Details aufwerten k\u00f6nnen<\/a>\n                            <\/h2>\n                            <p class=\"jeg_post_excerpt\"> 1. Einleitung: Die Bedeutung von Accessoires f\u00fcr M\u00e4nner Accessoires spielen eine entscheidende Rolle in der M\u00e4nnermode und k\u00f6nnen einem Outfit ... <\/p>\n                            <div class=\"jeg_post_meta\">\n\t\t\t\t\t\n                    <span class=\"jeg_meta_date\"><i class=\"fa fa-clock-o\"><\/i> 2024-02-26<\/span>\n                <\/div>\n                        <\/div>\n                    <\/div>\n                <\/div><div class=\"jeg_slide_item format-standard\">\n                    \n                    <a href=\"https:\/\/stilvollwelt.com\/?p=506\">\n                        <div class=\"thumbnail-container size-1400 \"><img loading=\"lazy\" decoding=\"async\" width=\"360\" height=\"504\" src=\"https:\/\/stilvollwelt.com\/wp-content\/themes\/jnews\/assets\/img\/jeg-empty.png\" class=\"attachment-jnews-360x504 size-jnews-360x504 owl-lazy lazyload\" alt=\"Brillen-Trends: Die neuesten Modelle und Stile\" data-src=\"https:\/\/stilvollwelt.com\/wp-content\/uploads\/2024\/02\/image-26-360x504.png\" \/><\/div>\n                    <\/a>\n                    <div class=\"jeg_slide_caption\">\n                        <div class=\"jeg_caption_container\">\n                            <div class=\"jeg_post_category\">\n                                <a href=\"https:\/\/stilvollwelt.com\/?cat=116\" class=\"category-accessoires\">Accessoires<\/a>\n                            <\/div>\n                            <h2 class=\"jeg_post_title\">\n                                <a href=\"https:\/\/stilvollwelt.com\/?p=506\">Brillen-Trends: Die neuesten Modelle und Stile<\/a>\n                            <\/h2>\n                            <p class=\"jeg_post_excerpt\"> 1. Einf\u00fchrung: Die Bedeutung von Brillen in der Mode Brillen sind l\u00e4ngst nicht mehr nur Sehhilfen, sondern haben sich zu ... <\/p>\n                            <div class=\"jeg_post_meta\">\n\t\t\t\t\t\n                    <span class=\"jeg_meta_date\"><i class=\"fa fa-clock-o\"><\/i> 2024-02-26<\/span>\n                <\/div>\n                        <\/div>\n                    <\/div>\n                <\/div><div class=\"jeg_slide_item format-standard\">\n                    \n                    <a href=\"https:\/\/stilvollwelt.com\/?p=503\">\n                        <div class=\"thumbnail-container size-1400 \"><img loading=\"lazy\" decoding=\"async\" width=\"360\" height=\"504\" src=\"https:\/\/stilvollwelt.com\/wp-content\/themes\/jnews\/assets\/img\/jeg-empty.png\" class=\"attachment-jnews-360x504 size-jnews-360x504 owl-lazy lazyload\" alt=\"Der perfekte G\u00fcrtel: Tipps zur Auswahl und zum Styling\" data-src=\"https:\/\/stilvollwelt.com\/wp-content\/uploads\/2024\/02\/image-25-360x504.png\" \/><\/div>\n                    <\/a>\n                    <div class=\"jeg_slide_caption\">\n                        <div class=\"jeg_caption_container\">\n                            <div class=\"jeg_post_category\">\n                                <a href=\"https:\/\/stilvollwelt.com\/?cat=116\" class=\"category-accessoires\">Accessoires<\/a>\n                            <\/div>\n                            <h2 class=\"jeg_post_title\">\n                                <a href=\"https:\/\/stilvollwelt.com\/?p=503\">Der perfekte G\u00fcrtel: Tipps zur Auswahl und zum Styling<\/a>\n                            <\/h2>\n                            <p class=\"jeg_post_excerpt\"> G\u00fcrtel sind nicht nur ein praktisches Accessoire, sondern auch ein wichtiger Bestandteil eines gelungenen Outfits. Sie dienen nicht nur dazu, ... <\/p>\n                            <div class=\"jeg_post_meta\">\n\t\t\t\t\t\n                    <span class=\"jeg_meta_date\"><i class=\"fa fa-clock-o\"><\/i> 2024-02-26<\/span>\n                <\/div>\n                        <\/div>\n                    <\/div>\n                <\/div>\n                    <\/div>\n                <\/div>[\/vc_column][\/vc_row][vc_row][vc_column]<div  class=\"jeg_postblock_36 jeg_postblock jeg_module_hook jeg_pagination_disable jeg_col_2o3 jnews_module__1_69e8b47cddb80   \" data-unique=\"jnews_module__1_69e8b47cddb80\">\n\t\t\t\t\t\n\t\t\t\t\t<div class=\"jeg_block_container\">\n\t\t\t\t\t\n\t\t\t\t\t<div class=\"jeg_posts_wrap\">\n\t\t\t\t\t<div class=\"jeg_posts jeg_load_more_flag\"> \n\t\t\t\t\t\t<article class=\"jeg_post jeg_pl_md_5  format-standard\">\n\t\t\t\t\t\t<div class=\"box_wrap\">\n\t\t\t\t\t\t\t<div class=\"jeg_thumb\">\n\t\t\t\t\t\t\t\t\n\t\t\t\t\t\t\t\t<a href=\"https:\/\/stilvollwelt.com\/?p=665\"><div class=\"thumbnail-container animate-lazy  size-715 \"><img loading=\"lazy\" decoding=\"async\" width=\"350\" height=\"250\" src=\"https:\/\/stilvollwelt.com\/wp-content\/themes\/jnews\/assets\/img\/jeg-empty.png\" class=\"attachment-jnews-350x250 size-jnews-350x250 lazyload wp-post-image\" alt=\"Saisonal im Trend: Die Must-haves f\u00fcr Fr\u00fchling\/Sommer 2024\" sizes=\"(max-width: 350px) 100vw, 350px\" data-src=\"https:\/\/stilvollwelt.com\/wp-content\/uploads\/2024\/02\/image-11-350x250.png\" data-srcset=\"https:\/\/stilvollwelt.com\/wp-content\/uploads\/2024\/02\/image-11-350x250.png 350w, https:\/\/stilvollwelt.com\/wp-content\/uploads\/2024\/02\/image-11-120x86.png 120w, https:\/\/stilvollwelt.com\/wp-content\/uploads\/2024\/02\/image-11-750x536.png 750w\" data-sizes=\"auto\" data-expand=\"700\" \/><\/div><\/a>\n\t\t\t\t\t\t\t\t<div class=\"jeg_post_category\">\n\t\t\t\t\t\t\t\t\t<span><a href=\"https:\/\/stilvollwelt.com\/?cat=1\" class=\"category-kleidung\">Kleidung<\/a><\/span>\n\t\t\t\t\t\t\t\t<\/div>\n\t\t\t\t\t\t\t<\/div>\n\t\t\t\t\t\t\t<div class=\"jeg_postblock_content\">\n\t\t\t\t\t\t\t\t<h3 class=\"jeg_post_title\">\n\t\t\t\t\t\t\t\t\t<a href=\"https:\/\/stilvollwelt.com\/?p=665\">Ruelala\u2019s Brand Positioning and Unique Business Model<\/a>\n\t\t\t\t\t\t\t\t<\/h3>\n\t\t\t\t\t\t\t\t<div class=\"jeg_post_meta\"><div class=\"jeg_meta_author\"><span class=\"by\">by<\/span> <a href=\"https:\/\/stilvollwelt.com\/?author=1\">admin<\/a><\/div><div class=\"jeg_meta_date\"><a href=\"https:\/\/stilvollwelt.com\/?p=665\"><i class=\"fa fa-clock-o\"><\/i> 2025-10-28<\/a><\/div><\/div>\n\t\t\t\t\t\t\t\t<div class=\"jeg_post_excerpt\">\n\t\t\t\t\t\t\t\t\t<p>Founded in 2008, Ruelala quickly captured the attention of consumers with its unique membership-based, flash-sale model. By offering luxury goods...<\/p>\n\t\t\t\t\t\t\t\t<\/div>\n\t\t\t\t\t\t\t<\/div>\n\t\t\t\t\t\t<\/div>\n\t\t\t\t\t<\/article><article class=\"jeg_post jeg_pl_md_box format-standard\">\n\t\t\t\t\t<div class=\"box_wrap\">\n\t\t\t\t\t\t<span class=\"jeg_postformat_icon\"><\/span>\n\t\t\t\t\t\t<div class=\"jeg_thumb\" style='background-image: url(https:\/\/stilvollwelt.com\/wp-content\/uploads\/2025\/09\/\u5fae\u4fe1\u56fe\u7247_20250926133437_51_7.png)'>\n\t\t\t\t\t\t\t\n\t\t\t\t\t\t\t<div class=\"jeg_post_category\">\n\t\t\t\t\t\t\t\t<span><a href=\"https:\/\/stilvollwelt.com\/?cat=1\" class=\"category-kleidung\">Kleidung<\/a><\/span>\n\t\t\t\t\t\t\t<\/div>\n\t\t\t\t\t\t<\/div>\n\t\t\t\t\t\t<div class=\"jeg_postblock_content\">\n\t\t\t\t\t\t\t<h3 class=\"jeg_post_title\">\n\t\t\t\t\t\t\t\t<a href=\"https:\/\/stilvollwelt.com\/?p=656\">Introduction: Soaring Beyond Borders with LATAM Airlines<\/a>\n\t\t\t\t\t\t\t<\/h3>\n\t\t\t\t\t\t\t<div class=\"jeg_post_excerpt\">\n\t\t\t\t\t\t\t\t<p>In an age when travel connects lives, cultures, and dreams, choosing the right airline matters more than ever. LATAM Airlines...<\/p>\n\t\t\t\t\t\t\t<\/div>\n\t\t\t\t\t\t\t<div class=\"jeg_post_meta\"><div class=\"jeg_meta_author\"><span class=\"by\">by<\/span> <a href=\"https:\/\/stilvollwelt.com\/?author=1\">admin<\/a><\/div><div class=\"jeg_meta_date\"><a href=\"https:\/\/stilvollwelt.com\/?p=656\"><i class=\"fa fa-clock-o\"><\/i> 2025-09-26<\/a><\/div><div class=\"jeg_meta_comment\"><a href=\"https:\/\/stilvollwelt.com\/?p=656\" ><i class=\"fa fa-comment-o\"><\/i> 0 <\/a><\/div><\/div>\n\t\t\t\t\t\t<\/div>\n\t\t\t\t\t<\/div>\n\t\t\t\t<\/article><article class=\"jeg_post jeg_pl_md_5  format-standard\">\n\t\t\t\t\t\t<div class=\"box_wrap\">\n\t\t\t\t\t\t\t<div class=\"jeg_thumb\">\n\t\t\t\t\t\t\t\t\n\t\t\t\t\t\t\t\t<a href=\"https:\/\/stilvollwelt.com\/?p=644\"><div class=\"thumbnail-container animate-lazy  size-715 \"><img loading=\"lazy\" decoding=\"async\" width=\"350\" height=\"250\" src=\"https:\/\/stilvollwelt.com\/wp-content\/themes\/jnews\/assets\/img\/jeg-empty.png\" class=\"attachment-jnews-350x250 size-jnews-350x250 lazyload wp-post-image\" alt=\"Ride the Wave of Legend: O\u2019Neill Germany (de.oneill.com) Promotion\" sizes=\"(max-width: 350px) 100vw, 350px\" data-src=\"https:\/\/stilvollwelt.com\/wp-content\/uploads\/2025\/08\/06-350x250.png\" data-srcset=\"https:\/\/stilvollwelt.com\/wp-content\/uploads\/2025\/08\/06-350x250.png 350w, https:\/\/stilvollwelt.com\/wp-content\/uploads\/2025\/08\/06-300x214.png 300w, https:\/\/stilvollwelt.com\/wp-content\/uploads\/2025\/08\/06-120x86.png 120w, https:\/\/stilvollwelt.com\/wp-content\/uploads\/2025\/08\/06.png 571w\" data-sizes=\"auto\" data-expand=\"700\" \/><\/div><\/a>\n\t\t\t\t\t\t\t\t<div class=\"jeg_post_category\">\n\t\t\t\t\t\t\t\t\t<span><a href=\"https:\/\/stilvollwelt.com\/?cat=1\" class=\"category-kleidung\">Kleidung<\/a><\/span>\n\t\t\t\t\t\t\t\t<\/div>\n\t\t\t\t\t\t\t<\/div>\n\t\t\t\t\t\t\t<div class=\"jeg_postblock_content\">\n\t\t\t\t\t\t\t\t<h3 class=\"jeg_post_title\">\n\t\t\t\t\t\t\t\t\t<a href=\"https:\/\/stilvollwelt.com\/?p=644\">Ride the Wave of Legend: O\u2019Neill Germany (de.oneill.com) Promotion<\/a>\n\t\t\t\t\t\t\t\t<\/h3>\n\t\t\t\t\t\t\t\t<div class=\"jeg_post_meta\"><div class=\"jeg_meta_author\"><span class=\"by\">by<\/span> <a href=\"https:\/\/stilvollwelt.com\/?author=1\">admin<\/a><\/div><div class=\"jeg_meta_date\"><a href=\"https:\/\/stilvollwelt.com\/?p=644\"><i class=\"fa fa-clock-o\"><\/i> 2025-08-10<\/a><\/div><\/div>\n\t\t\t\t\t\t\t\t<div class=\"jeg_post_excerpt\">\n\t\t\t\t\t\t\t\t\t<p>1. Introduction \u2013 From Surfing Roots to German Shores Founded in 1952 by surf pioneer Jack O\u2019Neill in California, O\u2019Neill...<\/p>\n\t\t\t\t\t\t\t\t<\/div>\n\t\t\t\t\t\t\t<\/div>\n\t\t\t\t\t\t<\/div>\n\t\t\t\t\t<\/article><article class=\"jeg_post jeg_pl_md_5  format-standard\">\n\t\t\t\t\t\t<div class=\"box_wrap\">\n\t\t\t\t\t\t\t<div class=\"jeg_thumb\">\n\t\t\t\t\t\t\t\t\n\t\t\t\t\t\t\t\t<a href=\"https:\/\/stilvollwelt.com\/?p=581\"><div class=\"thumbnail-container animate-lazy  size-715 \"><img loading=\"lazy\" decoding=\"async\" width=\"350\" height=\"250\" src=\"https:\/\/stilvollwelt.com\/wp-content\/themes\/jnews\/assets\/img\/jeg-empty.png\" class=\"attachment-jnews-350x250 size-jnews-350x250 lazyload wp-post-image\" alt=\"Trendige Sommergarderobe: Die Must-Haves der Saison f\u00fcr einen stilvollen Auftritt&#8221;\" sizes=\"(max-width: 350px) 100vw, 350px\" data-src=\"https:\/\/stilvollwelt.com\/wp-content\/uploads\/2024\/02\/image-50-350x250.png\" data-srcset=\"https:\/\/stilvollwelt.com\/wp-content\/uploads\/2024\/02\/image-50-350x250.png 350w, https:\/\/stilvollwelt.com\/wp-content\/uploads\/2024\/02\/image-50-120x86.png 120w, https:\/\/stilvollwelt.com\/wp-content\/uploads\/2024\/02\/image-50-750x536.png 750w\" data-sizes=\"auto\" data-expand=\"700\" \/><\/div><\/a>\n\t\t\t\t\t\t\t\t<div class=\"jeg_post_category\">\n\t\t\t\t\t\t\t\t\t<span><a href=\"https:\/\/stilvollwelt.com\/?cat=1\" class=\"category-kleidung\">Kleidung<\/a><\/span>\n\t\t\t\t\t\t\t\t<\/div>\n\t\t\t\t\t\t\t<\/div>\n\t\t\t\t\t\t\t<div class=\"jeg_postblock_content\">\n\t\t\t\t\t\t\t\t<h3 class=\"jeg_post_title\">\n\t\t\t\t\t\t\t\t\t<a href=\"https:\/\/stilvollwelt.com\/?p=581\">Trendige Sommergarderobe: Die Must-Haves der Saison f\u00fcr einen stilvollen Auftritt&#8221;<\/a>\n\t\t\t\t\t\t\t\t<\/h3>\n\t\t\t\t\t\t\t\t<div class=\"jeg_post_meta\"><div class=\"jeg_meta_author\"><span class=\"by\">by<\/span> <a href=\"https:\/\/stilvollwelt.com\/?author=1\">admin<\/a><\/div><div class=\"jeg_meta_date\"><a href=\"https:\/\/stilvollwelt.com\/?p=581\"><i class=\"fa fa-clock-o\"><\/i> 2024-02-27<\/a><\/div><\/div>\n\t\t\t\t\t\t\t\t<div class=\"jeg_post_excerpt\">\n\t\t\t\t\t\t\t\t\t<p>Einleitung Warum eine trendige Sommergarderobe wichtig ist Der Sommer ist die Zeit, um Ihren pers\u00f6nlichen Stil zu pr\u00e4sentieren und sich...<\/p>\n\t\t\t\t\t\t\t\t<\/div>\n\t\t\t\t\t\t\t<\/div>\n\t\t\t\t\t\t<\/div>\n\t\t\t\t\t<\/article><article class=\"jeg_post jeg_pl_md_box format-standard\">\n\t\t\t\t\t<div class=\"box_wrap\">\n\t\t\t\t\t\t<span class=\"jeg_postformat_icon\"><\/span>\n\t\t\t\t\t\t<div class=\"jeg_thumb\" style='background-image: url(https:\/\/stilvollwelt.com\/wp-content\/uploads\/2024\/02\/image-49.png)'>\n\t\t\t\t\t\t\t\n\t\t\t\t\t\t\t<div class=\"jeg_post_category\">\n\t\t\t\t\t\t\t\t<span><a href=\"https:\/\/stilvollwelt.com\/?cat=1\" class=\"category-kleidung\">Kleidung<\/a><\/span>\n\t\t\t\t\t\t\t<\/div>\n\t\t\t\t\t\t<\/div>\n\t\t\t\t\t\t<div class=\"jeg_postblock_content\">\n\t\t\t\t\t\t\t<h3 class=\"jeg_post_title\">\n\t\t\t\t\t\t\t\t<a href=\"https:\/\/stilvollwelt.com\/?p=578\">Nachhaltige Mode: Wie man umweltbewusst einkauft und trotzdem gut aussieht&#8221;<\/a>\n\t\t\t\t\t\t\t<\/h3>\n\t\t\t\t\t\t\t<div class=\"jeg_post_excerpt\">\n\t\t\t\t\t\t\t\t<p>Einleitung Warum nachhaltige Mode wichtig ist In einer Welt, die zunehmend von Umweltproblemen und sozialen Herausforderungen gepr\u00e4gt ist, wird die...<\/p>\n\t\t\t\t\t\t\t<\/div>\n\t\t\t\t\t\t\t<div class=\"jeg_post_meta\"><div class=\"jeg_meta_author\"><span class=\"by\">by<\/span> <a href=\"https:\/\/stilvollwelt.com\/?author=1\">admin<\/a><\/div><div class=\"jeg_meta_date\"><a href=\"https:\/\/stilvollwelt.com\/?p=578\"><i class=\"fa fa-clock-o\"><\/i> 2024-02-27<\/a><\/div><div class=\"jeg_meta_comment\"><a href=\"https:\/\/stilvollwelt.com\/?p=578\" ><i class=\"fa fa-comment-o\"><\/i> 0 <\/a><\/div><\/div>\n\t\t\t\t\t\t<\/div>\n\t\t\t\t\t<\/div>\n\t\t\t\t<\/article><article class=\"jeg_post jeg_pl_md_box format-standard\">\n\t\t\t\t\t<div class=\"box_wrap\">\n\t\t\t\t\t\t<span class=\"jeg_postformat_icon\"><\/span>\n\t\t\t\t\t\t<div class=\"jeg_thumb\" style='background-image: url(https:\/\/stilvollwelt.com\/wp-content\/uploads\/2024\/02\/image-48.png)'>\n\t\t\t\t\t\t\t\n\t\t\t\t\t\t\t<div class=\"jeg_post_category\">\n\t\t\t\t\t\t\t\t<span><a href=\"https:\/\/stilvollwelt.com\/?cat=1\" class=\"category-kleidung\">Kleidung<\/a><\/span>\n\t\t\t\t\t\t\t<\/div>\n\t\t\t\t\t\t<\/div>\n\t\t\t\t\t\t<div class=\"jeg_postblock_content\">\n\t\t\t\t\t\t\t<h3 class=\"jeg_post_title\">\n\t\t\t\t\t\t\t\t<a href=\"https:\/\/stilvollwelt.com\/?p=575\">Die Kunst des Schichtens: Tipps f\u00fcr stilvolle Outfits im Herbst und Winter<\/a>\n\t\t\t\t\t\t\t<\/h3>\n\t\t\t\t\t\t\t<div class=\"jeg_post_excerpt\">\n\t\t\t\t\t\t\t\t<p>Einleitung Schichtung ist nicht nur eine Notwendigkeit, um warm zu bleiben, sondern auch eine Kunstform, die es erm\u00f6glicht, kreative und...<\/p>\n\t\t\t\t\t\t\t<\/div>\n\t\t\t\t\t\t\t<div class=\"jeg_post_meta\"><div class=\"jeg_meta_author\"><span class=\"by\">by<\/span> <a href=\"https:\/\/stilvollwelt.com\/?author=1\">admin<\/a><\/div><div class=\"jeg_meta_date\"><a href=\"https:\/\/stilvollwelt.com\/?p=575\"><i class=\"fa fa-clock-o\"><\/i> 2024-02-27<\/a><\/div><div class=\"jeg_meta_comment\"><a href=\"https:\/\/stilvollwelt.com\/?p=575\" ><i class=\"fa fa-comment-o\"><\/i> 0 <\/a><\/div><\/div>\n\t\t\t\t\t\t<\/div>\n\t\t\t\t\t<\/div>\n\t\t\t\t<\/article>\n\t\t\t\t\t<\/div>\n\t\t\t\t<\/div>\n\t\t\t\t\t<div class='module-overlay'>\n\t\t\t\t    <div class='preloader_type preloader_dot'>\n\t\t\t\t        <div class=\"module-preloader jeg_preloader dot\">\n\t\t\t\t            <span><\/span><span><\/span><span><\/span>\n\t\t\t\t        <\/div>\n\t\t\t\t        <div class=\"module-preloader jeg_preloader circle\">\n\t\t\t\t            <div class=\"jnews_preloader_circle_outer\">\n\t\t\t\t                <div class=\"jnews_preloader_circle_inner\"><\/div>\n\t\t\t\t            <\/div>\n\t\t\t\t        <\/div>\n\t\t\t\t        <div class=\"module-preloader jeg_preloader square\">\n\t\t\t\t            <div class=\"jeg_square\">\n\t\t\t\t                <div class=\"jeg_square_inner\"><\/div>\n\t\t\t\t            <\/div>\n\t\t\t\t        <\/div>\n\t\t\t\t    <\/div>\n\t\t\t\t<\/div>\n\t\t\t\t<\/div>\n\t\t\t\t<div class=\"jeg_block_navigation\">\n\t\t\t\t\t<div class='navigation_overlay'><div class='module-preloader jeg_preloader'><span><\/span><span><\/span><span><\/span><\/div><\/div>\n\t\t\t\t\t\n\t\t\t\t\t\n\t\t\t\t<\/div>\n\t\t\t\t\t\n\t\t\t\t\t<script>var jnews_module__1_69e8b47cddb80 = {\"header_icon\":\"\",\"first_title\":\"\",\"second_title\":\"\",\"url\":\"\",\"header_type\":\"heading_6\",\"header_background\":\"\",\"header_secondary_background\":\"\",\"header_text_color\":\"\",\"header_line_color\":\"\",\"header_accent_color\":\"\",\"header_filter_category\":\"\",\"header_filter_author\":\"\",\"header_filter_tag\":\"\",\"header_filter_text\":\"All\",\"post_type\":\"post\",\"content_type\":\"all\",\"number_post\":\"6\",\"post_offset\":\"0\",\"unique_content\":\"disable\",\"include_post\":\"\",\"included_only\":\"\",\"exclude_post\":\"\",\"include_category\":\"1\",\"exclude_category\":\"\",\"include_author\":\"\",\"include_tag\":\"\",\"exclude_tag\":\"\",\"sort_by\":\"latest\",\"date_format\":\"default\",\"date_format_custom\":\"Y\\\/m\\\/d\",\"excerpt_length\":\"20\",\"excerpt_ellipsis\":\"...\",\"pagination_mode\":\"disable\",\"pagination_nextprev_showtext\":\"\",\"pagination_number_post\":4,\"pagination_scroll_limit\":0,\"el_id\":\"\",\"el_class\":\"\",\"scheme\":\"\",\"column_width\":\"auto\",\"title_color\":\"\",\"accent_color\":\"\",\"alt_color\":\"\",\"excerpt_color\":\"\",\"block_background\":\"\",\"box_shadow\":false,\"css\":\"\",\"compatible_column_notice\":\"\",\"paged\":1,\"column_class\":\"jeg_col_2o3\",\"class\":\"jnews_block_36\"};<\/script>\n\t\t\t\t<\/div>[\/vc_column][\/vc_row]<\/p>\n","protected":false},"excerpt":{"rendered":"<p>[vc_row][vc_column][\/vc_column][\/vc_row][vc_row][vc_column][\/vc_column][\/vc_row]<\/p>\n","protected":false},"author":1,"featured_media":0,"parent":0,"menu_order":0,"comment_status":"closed","ping_status":"closed","template":"template-builder.php","meta":{"footnotes":""},"_links":{"self":[{"href":"https:\/\/stilvollwelt.com\/index.php?rest_route=\/wp\/v2\/pages\/366"}],"collection":[{"href":"https:\/\/stilvollwelt.com\/index.php?rest_route=\/wp\/v2\/pages"}],"about":[{"href":"https:\/\/stilvollwelt.com\/index.php?rest_route=\/wp\/v2\/types\/page"}],"author":[{"embeddable":true,"href":"https:\/\/stilvollwelt.com\/index.php?rest_route=\/wp\/v2\/users\/1"}],"replies":[{"embeddable":true,"href":"https:\/\/stilvollwelt.com\/index.php?rest_route=%2Fwp%2Fv2%2Fcomments&post=366"}],"version-history":[{"count":3,"href":"https:\/\/stilvollwelt.com\/index.php?rest_route=\/wp\/v2\/pages\/366\/revisions"}],"predecessor-version":[{"id":642,"href":"https:\/\/stilvollwelt.com\/index.php?rest_route=\/wp\/v2\/pages\/366\/revisions\/642"}],"wp:attachment":[{"href":"https:\/\/stilvollwelt.com\/index.php?rest_route=%2Fwp%2Fv2%2Fmedia&parent=366"}],"curies":[{"name":"wp","href":"https:\/\/api.w.org\/{rel}","templated":true}]}}